?
3, 241
What are the prime factors of 114088?
2, 13, 1097
List the prime factors of 436.
2, 109
What are the prime factors of 954?
2, 3, 53
List the prime factors of 7255.
5, 1451
List the prime factors of 561.
3, 11, 17
What are the prime factors of 15602?
2, 29, 269
List the prime factors of 7083.
3, 787
List the prime factors of 4425.
3, 5, 59
What are the prime factors of 2061?
3, 229
List the prime factors of 596.
2, 149
List the prime factors of 188216.
2, 7, 3361
What are the prime factors of 11446?
2, 59, 97
List the prime factors of 1239.
3, 7, 59
List the prime factors of 11046.
2, 3, 7, 263
List the prime factors of 17331.
3, 53, 109
What are the prime factors of 4127?
4127
List the prime factors of 14764.
2, 3691
List the prime factors of 1628.
2, 11, 37
List the prime factors of 284.
2, 71
List the prime factors of 39724.
2, 9931
What are the prime factors of 1257?
3, 419
List the prime factors of 1169.
7, 167
What are the prime factors of 590?
2, 5, 59
What are the prime factors of 25241?
43, 587
List the prime factors of 1046.
2, 523
What are the prime factors of 966?
2, 3, 7, 23
List the prime factors of 63.
3, 7
What are the prime factors of 3997?
7, 571
What are the prime factors of 5528?
2, 691
List the prime factors of 822.
2, 3, 137
List the prime factors of 1460.
2, 5, 73
What are the prime factors of 4388?
2, 1097
What are the prime factors of 13544?
2, 1693
List the prime factors of 15141.
3, 7, 103
List the prime factors of 10498.
2, 29, 181
List the prime factors of 1012.
2, 11, 23
List the prime factors of 146553.
3, 11, 4441
What are the prime factors of 14098?
2, 7, 19, 53
List the prime factors of 11566.
2, 5783
List the prime factors of 1551.
3, 11, 47
What are the prime factors of 28300?
2, 5, 283
List the prime factors of 24785.
5, 4957
List the prime factors of 7192.
2, 29, 31
List the prime factors of 24705.
3, 5, 61
What are the prime factors of 1465?
5, 293
List the prime factors of 894.
2, 3, 149
What are the prime factors of 972?
2, 3
List the prime factors of 168118.
2, 84059
What are the prime factors of 142?
2, 71
What are the prime factors of 18537?
3, 37, 167
List the prime factors of 1596.
2, 3, 7, 19
What are the prime factors of 42616?
2, 7, 761
List the prime factors of 48758.
2, 24379
What are the prime factors of 17298?
2, 3, 31
What are the prime factors of 97506?
2, 3, 5417
What are the prime factors of 788?
2, 197
List the prime factors of 5811.
3, 13, 149
List the prime factors of 66641.
103, 647
List the prime factors of 455.
5, 7, 13
What are the prime factors of 131207?
179, 733
List the prime factors of 860.
2, 5, 43
List the prime factors of 1590.
2, 3, 5, 53
What are the prime factors of 966?
2, 3, 7, 23
List the prime factors of 3634.
2, 23, 79
What are the prime factors of 67178?
2, 33589
List the prime factors of 4026.
2, 3, 11, 61
What are the prime factors of 1342?
2, 11, 61
What are the prime factors of 8966?
2, 4483
What are the prime factors of 1316?
2, 7, 47
List the prime factors of 10004.
2, 41, 61
List the prime factors of 164.
2, 41
List the prime factors of 3071.
37, 83
List the prime factors of 10051.
19, 23
What are the prime factors of 879?
3, 293
What are the prime factors of 874?
2, 19, 23
List the prime factors of 69.
3, 23
List the prime factors of 17339.
7, 2477
List the prime factors of 4743.
3, 17, 31
List the prime factors of 4451.
4451
List the prime factors of 36730.
2, 5, 3673
What are the prime factors of 31274?
2, 19, 823
List the prime factors of 510.
2, 3, 5, 17
List the prime factors of 1430.
2, 5, 11, 13
What are the prime factors of 3468?
2, 3, 17
List the prime factors of 4251.
3, 13, 109
List the prime factors of 450.
2, 3, 5
List the prime factors of 65471.
7, 47, 199
What are the prime factors of 7881?
3, 37, 71
List the prime factors of 36689.
19, 1931
What are the prime factors of 56744?
2, 41, 173
List the prime factors of 3327.
3, 1109
List the prime factors of 137.
137
What are the prime factors of 684?
2, 3, 19
List the prime factors of 6490.
2, 5, 11, 59
List the prime factors of 63395.
5, 31, 409
List the prime factors of 78199.
11, 7109
List the prime factors of 81700.
2, 5, 19, 43
What are the prime factors of 26337?
3, 8779
List the prime factors of 5819.
11, 23
What are the prime factors of 805?
5, 7, 23
What are the prime factors of 260?
2, 5, 13
List the prime factors of 76622.
2, 7, 13, 421
List the prime factors of 1517.
37, 41
What are the prime factors of 7792?
2, 487
List the prime factors of 10144.
2, 317
What are the prime factors of 47?
47
What are the prime factors of 982?
2, 491
List the prime factors of 51457.
7, 7351
What are the prime factors of 2085?
3, 5, 139
What are the prime factors of 3732?
2, 3, 311
List the prime factors of 759.
3, 11, 23
List the prime factors of 3153.
3, 1051
List the prime factors of 704.
2, 11
List the prime factors of 26172.
2, 3, 727
What are the prime factors of 427?
7, 61
What are the prime factors of 75164?
2, 19, 23, 43
List the prime factors of 10159.
10159
List the prime factors of 131189.
17, 7717
What are the prime factors of 10126?
2, 61, 83
What are the prime factors of 2373?
3, 7, 113
What are the prime factors of 344?
2, 43
What are the prime factors of 5435?
5, 1087
What are the prime factors of 76955?
5, 15391
What are the prime factors of 12566?
2, 61, 103
What are the prime factors of 5152?
2, 7, 23
What are the prime factors of 48811?
7, 19, 367
What are the prime factors of 115?
5, 23
What are the prime factors of 154749?
3, 7, 7369
What are the prime factors of 5657?
5657
List the prime factors of 4867.
31, 157
What are the prime factors of 19206?
2, 3, 11, 97
List the prime factors of 78863.
17, 4639
What are the prime factors of 104628?
2, 3, 8719
What are the prime factors of 156047?
19, 43, 191
List the prime factors of 69089.
59, 1171
What are the prime factors of 5435?
5, 1087
What are the prime factors of 32660?
2, 5, 23, 71
List the prime factors of 21034.
2, 13, 809
What are the prime factors of 60010?
2, 5, 17, 353
List the prime factors of 73869.
3, 24623
What are the prime factors of 668?
2, 167
List the prime factors of 627.
3, 11, 19
What are the prime factors of 27830?
2, 5, 11, 23
What are the prime factors of 368?
2, 23
What are the prime factors of 3294?
2, 3, 61
List the prime factors of 3363.
3, 19, 59
List the prime factors of 73866.
2, 3, 13, 947
What are the prime factors of 62948?
2, 15737
What are the prime factors of 28136?
2, 3517
List the prime factors of 566.
2, 283
List the prime factors of 5466.
2, 3, 911
List the prime factors of 35.
5, 7
What are the prime factors of 2823?
3, 941
What are the prime factors of 1210?
2, 5, 11
List the prime factors of 725.
5, 29
What are the prime factors of 777?
3, 7, 37
List the prime factors of 24183.
3, 2687
What are the prime factors of 4466?
2, 7, 11, 29
List the prime factors of 3654.
2, 3, 7, 29
What are the prime factors of 366?
2, 3, 61
List the prime factors of 7329.
3, 7, 349
What are the prime factors of 2508?
2, 3, 11, 19
What are the prime factors of 86132?
2, 61, 353
What are the prime factors of 3635?
5, 727
List the prime factors of 12253.
12253
List the prime factors of 6728.
2, 29
What are the prime factors of 1993?
1993
List the prime factors of 67122.
2, 3, 11, 113
What are the prime factors of 12936?
2, 3, 7, 11
What are the prime factors of 1280?
2, 5
List the prime factors of 45886.
2, 22943
List the prime factors of 169380.
2, 3, 5, 941
List the prime factors of 2798.
2, 1399
List the prime factors of 1490.
2, 5, 149
What are the prime factors of 4247?
31, 137
List the prime factors of 5929.
7, 11
List the prime factors of 102382.
2, 7, 71, 103
What are the prime factors of 681?
3, 227
What are the prime factors of 21732?
2, 3, 1811
List the prime factors of 31100.
2, 5, 311
List the prime factors of 1453.
1453
What are the prime factors of 2968?
2, 7, 53
List the prime factors of 2170.
2, 5, 7, 31
What are the prime factors of 4058?
2, 2029
List the prime factors of 1006.
2, 503
What are the prime factors of 16634?
2, 8317
What are the prime factors of 1246?
2, 7, 89
What are the prime factors of 242?
2, 11
What are the prime factors of 1765?
5, 353
What are the prime factor